 derivative of d**2/2 + 21*d - 107. Let r be c(-13). Calculate the highest common divisor of 32 and r.
8
Let o = 399 - 381. Suppose -5*a = -o*z + 13*z - 205, -4*a - 3*z + 129 = 0. What is the greatest common divisor of a and 117?
9
Suppose 5 = -4*u + 5*d - 7, -5*d = 4*u - 28. Suppose -3*j + 39 = -h - 2*h, -5*j + 93 = u*h. Suppose -f + 3 = -j. What is the highest common factor of f and 70?
10
Let b be 0*2/(-6) - 14/((-140)/152350). Calculate the greatest common divisor of b and 55.
55
Suppose -4*f + 3*f = -2. Suppose 0 = 5*v + f*h - 29, -2*v + 3*h + 4 = -0*v. Suppose 32 + 3 = v*n. What is the highest common divisor of 56 and n?
7
Suppose -3*u = -2*u + 3*v + 7, 0 = 5*u + v - 35. Suppose 0 = -u*o + 19*o - 143. What is the greatest common factor of o and 91?
13
Suppose 0 = 13*o - 55 - 49. Suppose o*l - 12*l + 97 = -t, -l + 4*t = -13. Calculate the greatest common divisor of 125 and l.
25
Let g = 903 - 894. Let z be (84/g*(-21)/(-7))/2. Calculate the highest common factor of z and 14.
14
Let g(t) = 56*t**2 - 8*t + 8. Let w be g(1). Let s(k) = -k**2 + 16*k + 2. Let l be s(12). Let d = w - l. Calculate the highest common divisor of d and 12.
6
Let c be ((-1617)/22)/(-3)*(2 - -2). What is the highest common divisor of c and 2?
2
Let t be (18/8)/((-1)/(-20)). Suppose -2945*i + 690*i = -60885. Calculate the greatest common divisor of i and t.
9
Let t(a) = 368*a + 3262. Let q be t(-5). Calculate the highest common divisor of q and 126.
18
Suppose -4*q + 8*q - 828 = 0. Suppose 49*j - 20 = -154 + 1261. Calculate the greatest common divisor of q and j.
23
Let v be -10 - ((-4407 - -4) + -6). What is the highest common divisor of v and 83?
83
Let b = -56 - -63. Suppose b*k + 414 = 1758. Suppose 4*h - 3*z - 40 - 23 = 0, -2*h + 3*z = -39. What is the highest common factor of k and h?
12
Let x(f) = -9*f - 11*f**2 - 12 + 17*f**2 - f**3 + 10*f + 5*f. Let g be x(6). Let v be 95/3 - (-1)/3. What is the highest common divisor of g and v?
8
Let j = 48 - 6. Suppose 34*a + 728 = j*a. What is the greatest common divisor of a and 49?
7
Let z = -525 + 513. Let n(l) = -37*l - 356. Let q be n(z). Calculate the highest common divisor of q and 32.
8
Let m(b) = b**2 - 30*b + 22. Let s be m(31). Let a = s - 48. What is the greatest common divisor of a and 20?
5
Let c = 915 + -827. Let x = 297 + c. Calculate the highest common factor of x and 105.
35
Suppose 3*x = 6*x - 93. Let q = -28814 + 29093. What is the greatest common factor of x and q?
31
Let f(k) = -k**2 + 142*k - 3761. Let m be f(40). Suppose n = -2 + 31. Calculate the greatest common factor of m and n.
29
Let f(i) = -262*i + 2032. Let d be f(7). What is the greatest common divisor of d and 8019?
99
Suppose 0 = 4*x - 12, -5*f + 5*x + 28 = -17. Suppose -9*g = -6*g - f. Suppose 2*c + j = 2, 5*c + 0*j + 4*j = 2. What is the highest common factor of g and c?
2
Suppose 22*d + 56*d - 307051 - 9317 = 0. Calculate the highest common factor of 72 and d.
24
Suppose 0 = -2*s - 3*s - 375. Suppose 4*y + t + 8 = 644, 2*t = -2*y + 312. Let j = s + y. What is the highest common factor of j and 34?
17
Let j = 17 - 9. Let a be ((-48)/(-32))/(3/412). Suppose a = -2*g + 222. Calculate the highest common divisor of j and g.
8
Suppose 11*w = 5*w - 210. Let x = w - -67. Let d(c) = 19*c + 4. Let a be d(4). What is the highest common divisor of a and x?
16
Let u be (-174)/(-36) + (13/6 - 2). Let q(n) = -14 + 13*n + 5*n - u*n. Let l be q(5). Calculate the greatest common factor of 17 and l.
17
Suppose -1995 = 8*z - 113*z. Calculate the highest common divisor of z and 2299.
19
Suppose -15*p + 8*p + 28*p = 2394. Calculate the greatest common factor of 722 and p.
38
Let z(k) = -3*k**2 + k + 8. Let u be z(-4). Let c be (-96)/u + 2/(-11). Suppose -4*x - c = -66. Calculate the highest common factor of 48 and x.
16
Let s = -11089 + 12999. What is the greatest common factor of 70 and s?
10
Suppose 4*y - 805 = 5*w, -2*y + 3*w + 617 = 214. Let m = 120 - 40. What is the greatest common divisor of y and m?
40
Suppose 315*i = 313*i + 500. Suppose 3*g = 5*g - 4*o - 16, 2*g - 24 = -4*o. What is the highest common divisor of g and i?
10
Let o = 2077 - 1949. Calculate the highest common divisor of o and 2.
2
Suppose q - 80 = -7*q. Let d(t) = 11*t - 48. Let l be d(q). Let z be (2 - 3)*93*-1. Calculate the greatest common factor of l and z.
31
Suppose -4*o = -3*v - 663, 0 = 2*v + 2. Suppose -18*t + 7*t + o = 0. What is the greatest common factor of t and 120?
15
Suppose 5*q + 32 + 38 = 0. Let c(u) = -u**2 - 22*u - 20. Let z be c(q). Calculate the highest common divisor of z and 322.
46
Let f = -392 + 591. Let n = f + -183. Let h = 16 - 8. What is the greatest common divisor of h and n?
8
Let v(r) = r + 27. Let n be v(-13). Suppose -11*m + 203 + 875 = 0. Calculate the highest common divisor of n and m.
14
Let t(i) = -13*i + 897. Let w be t(68). What is the greatest common factor of w and 52?
13
Suppose 0 = 2*f + 2 - 10. Suppose f*z - 104 = -4*x, -4*z + x = -68 - 26. Suppose -598 - 50 = -3*b. What is the highest common factor of b and z?
24
Suppose -314 = -3*o + 5*n, -2*o - 4*n + 90 + 90 = 0. Let a = 177 - 79. What is the greatest common divisor of o and a?
98
Suppose -5*o + 8*o = -5*w - 2333, 0 = -2*w + 5*o - 927. Let v = w - -614. What is the highest common factor of 4 and v?
4
Suppose 1546*x = 1618*x - 428904. Calculate the highest common divisor of x and 28.
7
Suppose -3*y - 3*a + 334 = -554, y - 284 = -5*a. What is the greatest common factor of y and 923?
13
Suppose 4*d - 528 = d. Let o(y) = -y**3 + y**2 - y - 22. Let h be o(0). Let i = -6 - h. What is the greatest common divisor of d and i?
16
Let q be -7 + (6/(-2) - (-48)/12) + 23. Suppose 0 = 4*y - 625 - 259. Calculate the highest common divisor of q and y.
17
Suppose 25*t - z - 24 = 22*t, -2*t + 30 = -3*z. What is the highest common factor of 105 and t?
3
Let c be (-1)/((-18)/(-135))*(-136)/3. Suppose 106 - c = -2*r. Calculate the highest common divisor of r and 13.
13
Let b(i) = 6*i - 41. Let y be b(9). Suppose 307 = y*q - 226. What is the highest common factor of q and 246?
41
Let t be (918/4)/9*(-4)/(-6). Suppose -t*w + 6*w = -330. Calculate the highest common divisor of 30 and w.
30
Let v = -12644 - -12724. Calculate the highest common factor of v and 1390.
10
Let m = -25 + 32. Suppose -m*l + 11*l = 340. Suppose 44 = l*z - 84*z. Calculate the greatest common divisor of 33 and z.
11
Let h be ((142*-5055)/(-5))/22 - 12/22. What is the highest common divisor of 232 and h?
29
Suppose -2*z - 1902*o = -1900*o - 458, 0 = 2*o + 10. Let u = -5 + 8. Suppose u*b - b = 0, 52 = 2*w - 4*b. What is the highest common factor of w and z?
26
Suppose -8*r + 52 = 4. Suppose -280 = -r*t + 4*t. What is the highest common divisor of t and 112?
28
Suppose -12*t - 6300 = -18*t. Suppose -5*z + 15*z = t. What is the highest common factor of z and 140?
35
Let y(r) = 966*r**2 - 25*r - 19. Let h be y(2). Calculate the highest common factor of h and 276.
69
Let y = 10510 + -10274. What is the greatest common divisor of y and 104?
4
Let v(a) be the second derivative of a**3/2 - 29*a**2/2 - 2*a - 99. Let m = 39 + -21. Let l be v(m). Calculate the greatest common divisor of l and 10.
5
Let z be (-9)/27 - (-6218)/6. Let y = z + -739. Let f = 1008 + -975. What is the highest common divisor of f and y?
33
Suppose 46*w - w - 66 - 13794 = 0. Calculate the greatest common factor of w and 686.
14
Let q(w) = 5*w**2 - w - 2. Let l be q(2). Let s be (15/(-6))/((-1)/l). Suppose 10 = -137*p + 139*p. Calculate the greatest common factor of s and p.
5
Suppose 87*m = -498 + 3630. Suppose 2*g - 4*g = -18. Calculate the highest common divisor of g and m.
9
Let f = -15 - -27. Let i(r) = r**3 - 2*r**2 + 5*r - 4. Suppose -26*o = -23*o - 12. Let p be i(o). What is the highest common factor of f and p?
12
Suppose -4*u + 39 - 31 = 0. Suppose -5*k - 65 = -4*l, -u*l - 2*l = 3*k - 89. Calculate the highest common divisor of l and 500.
20
Suppose 0 = 2*v - 5*b + 14, 0*v - 4*b = 2*v - 22. Suppose 65 = 2*h + f, 4*h + v*f = -0*h + 135. What is the greatest common factor of h and 90?
30
Let l(h) = 66*h**2 + 1187*h - 3. Let m be l(-18). Suppose -5*a = k - 40, 4*a = k - 2 - 2. What is the greatest common divisor of k and m?
5
Suppose -10 = w - 47. Suppose -5*a = -